mber?
True
Let m(i) = 21531*i + 6470. Is m(43) a prime number?
True
Let n = -21 - -37. Suppose -d - n = -4*u + 2, -5*u + 16 = 2*d. Suppose u*s - 5019 = s. Is s composite?
True
Let r = 55845 + -16902. Suppose -10*j + j + r = 0. Is j composite?
False
Let b be (1 - -1)*-31*5/(-10). Let c = -16 + b. Suppose 3*j + y - 334 = 2*y, 0 = -3*y + c. Is j a composite number?
False
Let i(q) = 4*q - 9. Let h be i(6). Let b(f) be the first derivative of 21*f**2 + f - 60. Is b(h) a composite number?
False
Let g = -26366 - -44546. Suppose 2297 = -7*k + g. Is k composite?
False
Let l = -14900 + 46647. Is l prime?
False
Suppose 2*s + 84106 = m - 1595, -m = 4*s - 85671. Is m composite?
False
Let v be -4*4/(80/45). Is 42/(-63) - 77973/v composite?
False
Let u be (7/28)/((-5)/(-100)). Is u*7/105 + (-13910)/(-3) composite?
False
Suppose -2*g = -5*b - 1555, 2*b - 4*b = -5*g + 3856. Suppose -5*x - 7111 = 8*x. Let w = x + g. Is w composite?
False
Is (-13 - (-60)/5)*-125611 a composite number?
True
Let j = -17629 - -31572. Is j a composite number?
True
Let o(v) = -v**2 + 19*v + 51. Let r = -1 + 27. Suppose -24*s - 30 = -r*s. Is o(s) a composite number?
True
Let g(q) = 2*q. Let h be g(-3). Let o(t) = 175*t**2 + 6*t - 17. Is o(h) a prime number?
True
Suppose 60*v = 63*v - 5673. Suppose -5*p - 301 + 5207 = 2*d, 2*p - 3*d - 1951 = 0. Let w = v - p. Is w a composite number?
False
Let f(m) = 5070*m**3 + 23*m**2 - 10*m - 5. Is f(2) composite?
False
Suppose 7058 = 5*w - 4627. Suppose 0 = 4*t - 33285 + w. Is t composite?
True
Suppose 5*z = y + 9, -y - 3 = -4*z + 3. Suppose -4*o = -3*o + y. Is o/3 - (-1672 - 3) prime?
False
Let v(q) be the third derivative of q**5/6 - q**4/6 - 5*q**3/3 + 15*q**2. Let g be v(6). Suppose -5*l - g = -7*l. Is l a prime number?
True
Suppose 3*k - 35 = 5*c, -19*k - 5*c = -20*k + 25. Is (1090 - -3) + -1 - k a composite number?
False
Suppose 3*q + 5678 + 18511 = 0. Is (-6 - q) + 2 - (1 + -1) a composite number?
False
Suppose 15*a - 17 = 58. Suppose 8*f - 3*n = a*f + 4977, -3*f - 2*n + 4967 = 0. Is f prime?
True
Let k(j) = 12*j**3 - j**2 - 2*j - 1. Let h be k(4). Suppose -q = -h - 356. Is q prime?
False
Let m be (-3)/((-6)/(-4)) - -10973. Suppose -3*j + 5*u - 6 = 0, 3*u - 29 + 14 = -2*j. Suppose 5*d - m = -4*t, -3*t - j + 0 = 0. Is d a composite number?
True
Let o be 6187 - 1 - 1/(-3)*9. Suppose 18*y - o = 5925. Is y a prime number?
True
Let a(p) = p**3 + 23*p**2 - 37*p + 18. Let c(f) = -f**2 - f - 1. Let n(r) = -a(r) - c(r). Is n(-32) a prime number?
True
Let v = 603 - -3232. Suppose 2*b - v = -11*b. Is b a prime number?
False
Let b(r) = 3*r + 35. Let q be b(11). Let x = q + -68. Suppose a + 3*a - 388 = x. Is a a composite number?
False
Let t(x) = 173*x**2 - 3*x + 21. Suppose -32*p + 53 + 75 = 0. Is t(p) a composite number?
False
Let j(c) = 104*c**3 + 8*c**2 - 65*c + 412. Is j(7) a composite number?
True
Let h(g) = -2*g**2 + g + 4. Let w be h(0). Suppose w*v = 203 + 649. Is v prime?
False
Let a(m) = 2*m**2 + 58*m + 167. Let z be a(-26). Let g = 1 - -5. Suppose z*k - g*k - 1655 = 0. Is k a prime number?
True
Let w = -1867 + -1236. Let t = -1607 - w. Suppose 2*l = -5*r + 969, -4*l + r = -l - t. Is l composite?
True
Let g(s) = 496*s - 3. Let l(v) = 165169*v - 998. Let m = -51 - -48. Let t(b) = m*l(b) + 998*g(b). Is t(-1) a prime number?
True
Let h = 74083 - 41454. Is h composite?
True
Let h = 2413078 + -904127. Is h prime?
True
Let x = -497110 - -794343. Is x prime?
True
Let r(x) = 4*x - 68. Let z be r(19). Suppose -z*h + c + 3065 = -6*h, -5*c = -2*h + 3077. Is h a composite number?
False
Let x be 6083 + (-4 + -2 - -6). Let q = x + -3124. Is q a prime number?
False
Let p(a) = -589*a + 266. Let x be p(-7). Suppose -v + 21990 = 5*r, 0 = -r - v - v + x. Is r prime?
False
Let t = -7553 - -23165. Suppose -7*l - 20 = -3*l, -t = -4*h + 4*l. Is h a composite number?
True
Let f(d) = 6473*d**2 + 33*d + 23. Is f(4) a prime number?
True
Let i(t) = 4*t**2 - 17*t - 2. Let q be i(4). Is 33653/6 + (595/(-102) - q) prime?
False
Suppose 376 + 205 = 7*w. Let h = 132 - w. Let u = 342 + h. Is u a composite number?
True
Let s(w) = -2*w**2 + 44*w + 2. Let u be s(0). Let o(a) = 2*a - 9. Let c be o(6). Suppose -3*x + u*f + 29 = -2*x, -c*f = 2*x - 37. Is x prime?
True
Suppose -3992 = b - y, -2137 = b + 5*y + 1849. Let k = b + 7682. Is k a prime number?
True
Let z(l) = 1540*l**2 + 90*l - 89. Is z(8) a composite number?
False
Let j(q) be the third derivative of q**6/15 - 17*q**5/60 + 31*q**4/24 + 17*q**3/6 + 87*q**2. Is j(9) composite?
False
Let x(i) = -196*i + 24. Let j be x(12). Let d = j + 5126. Is d prime?
False
Let j be ((-2)/1)/((-98)/3577). Suppose -69*d = -j*d + 10796. Is d prime?
True
Let d = -84 + 112. Suppose 3*w - 20 - d = -3*u, 0 = -5*w + 2*u + 80. Is w/12*(1 + -4) + 1053 a prime number?
True
Let i be 36 - 6/(4 - 2). Suppose -4*c = -t - i, 5*t - 1 = -5*c + 9. Is (286/1)/(-5 + c) composite?
True
Suppose 19*a - 17*a = 5*l - 5587551, -a = -7. Is l prime?
True
Let l(t) = -2*t**3 - 20*t**2 - t - 14. Suppose -14 = 2*p + 3*f, 5*p + 2*f = 2*p - 26. Let n be l(p). Is 1759*(-1)/n*28/7 a composite number?
False
Suppose -2065967 = -161*t + 539496. Is t prime?
True
Let o = -13241 + 18602. Is o a prime number?
False
Let t(h) be the third derivative of 19*h**5/30 - 5*h**4/12 + 7*h**3/6 + h**2. Suppose -2*f - 182*m = -183*m + 7, 17 = -f - 4*m. Is t(f) composite?
True
Let l(y) be the second derivative of y**5/20 - 13*y**4/12 + y**3/3 + 33*y**2/2 - 2*y + 17. Is l(19) prime?
True
Let q = -5910 + 3045. Let m = q + 4886. Is m a prime number?
False
Suppose 4*m + 2*x = 3*m - 2, -6 = 2*x. Suppose -2*j + c = 2685, -3*c - 5405 = m*j + 2*c. Let a = 2064 + j. Is a composite?
False
Let m(i) = 2*i**2 + 6*i - 1. Let k be ((-198)/(-15))/((-1)/5). Let o = k + 59. Is m(o) prime?
False
Suppose -33*u = 2*v - 38*u - 85788, 4*v + 4*u - 171604 = 0. Is v prime?
True
Let l(t) = 64*t**2 - 2*t - 1. Let u be 9/4 - -5*6/(-120). Suppose 3 - 7 = u*n. Is l(n) a prime number?
False
Suppose 244*c = 16936371 + 20758457. Is c prime?
True
Is 480962/14 + 152/266 + 8 a prime number?
False
Let p = 809 - 807. Suppose -5*b + 121380 = 5*a, 0 = -p*a + 5*b + 38570 + 10017. Is a a composite number?
False
Let m = -886066 - -1262807. Is m a prime number?
False
Let a(p) = 57*p**2 - p - 38. Let t be a(6). Suppose -2*z = -t - 138. Is z composite?
True
Let h(j) = j**2 + 9*j + 24. Suppose 4*i - 3*b + 30 = i, -5 = 2*i + b. Let l be h(i). Suppose -o + 148 = 4*a - 465, -l*o = -a - 2367. Is o a prime number?
True
Let p(w) = 849*w - 1152. Is p(5) a composite number?
True
Let q(p) = -2*p**2 - 2*p - 19. Let w(k) = 2*k**2 + 4*k + 36. Let d(a) = -13*q(a) - 6*w(a). Is d(-13) a composite number?
False
Let d(g) = 105753*g + 659. Is d(4) a prime number?
False
Suppose 6*p = -3*p + 234. Let v = 35 - p. Suppose -v = -5*y + 186. Is y prime?
False
Let f = -97029 - -247636. Is f a composite number?
False
Is -4 - (520 - -99)/((-2)/286) prime?
True
Is (172/129)/(283161/94383 - 3) a prime number?
True
Let y = 383 + -366. Suppose -y*s = -80607 - 49800. Is s composite?
True
Is ((-3388290)/50 + -2 + 0)/((-2)/10) composite?
False
Let b(w) = 2779*w**2 + 105*w + 433. Is b(-4) composite?
True
Suppose -4*a = -4*x - 40, 3 + 25 = -4*x - 2*a. Is (-251136)/(-15) - -9*x/(-120) a prime number?
False
Suppose 0 = 3*f + 3*m - 60843, -2*f + 3*m + 40570 = m. Is f a composite number?
True
Suppose 78*y + 76*y = 156*y - 418294. Is y prime?
True
Suppose j = -d + 289844, -j + 134188 = -3*d - 155628. Is j a composite number?
False
Let m be 1 - ((-4)/(-5))/(18/175815). Let f = m - -12858. Is f a composite number?
True
Suppose 0 = 48*l - 11707284 - 8136444. Is l prime?
True
Let o be ((-122)/5 + -2)/(9/(-7110)). Suppose -13*h + o = -5*h. Let j = h - 1700. Is j a composite number?
False
Suppose 11*w - 15*w + 3*b + 164521 = 0, -3*b - 123390 = -3*w. Is w composite?
False
Let l(u) = -u**3 + 10*u**2 - 7*u - 24. Let a be l(6). Let w = 761 + a. Is w a composite number?
False
Suppose -5*j = -4*u - 6410271, 4*u + 1282067 = j - 0*u. Is j a prime number?
True
Let w be (-5)/(-2) + -2 - (-63186)/(-12). Let a = -3424 - w. Is a a composite number?
True
Let m = 61901 + -3888. Is m prime?
True
Let p(j) = -97131*j + 578. Is p(-3) composite?
False
Let s(f) = 6717*f**2 - 243*f - 1473. Is s(-6) a composit